2 = -84. Give r(l).
4
Let q(z) = 8*z**3 + 384*z**2 - 2*z - 101. Let x be q(-48). Let n(y) = y**2 + 7*y - 1. What is n(x)?
-11
Let z = -1429 + 1429. Let h(v) = -v**3 - v**2 + 77. What is h(z)?
77
Let b(d) = 24 - 162 + 98 + d. Calculate b(0).
-40
Let p(z) be the third derivative of -z**6/120 + 2*z**5/15 - z**4/6 - 3*z**3/2 - 551*z**2 + z. What is p(7)?
12
Let k(p) be the second derivative of -3*p**2 + 1/2*p**3 - 5*p + 0. Let o(t) = t - 2. Let w(h) = -3*k(h) + 8*o(h). Determine w(-5).
7
Suppose 0 = -5*t + 5*j - 15, 6*t - 9*t - 5*j = 57. Let g(l) = -l - 23. What is g(t)?
-14
Let h(m) = -m**3 + 27*m**2 + 5*m - 66. Let d(g) = -g**2 - 147*g + 5967. Let s be d(33). What is h(s)?
69
Let w(l) = 11. Let m(o) = 8*o + 72. Let y(a) = -m(a) + 7*w(a). Determine y(5).
-35
Let x(i) = -25 - 22*i - 35*i - 22*i + 100*i. Calculate x(2).
17
Let j(a) be the first derivative of -71 - 1/2*a**2 - a. What is j(-3)?
2
Let g(u) = u**2 + 8*u + 9. Let z be -1*(-102)/(-4)*12/18. Let i = -29 + 20. Let y = z - i. Give g(y).
9
Let u be -99*12/18 - 1*-3. Let j = 63 + u. Let c(k) = k**2 + 852*k - 851*k + 3 + j. Determine c(-4).
15
Suppose -n + u + 6 = 0, 4*n + 104 - 32 = -8*u. Let h(i) = 2*i**2 + 2*i**3 + 2*i - 3*i**3 + i**2. Give h(n).
16
Let w be 3*(1 - 0) + 254. Let z be 10/(-25) + 1282/5. Let s(j) = -z*j + 3 - 1 + w*j. Calculate s(4).
6
Let g(d) be the third derivative of -d**4/24 - d**3 - 59*d**2. Calculate g(-2).
-4
Let m(u) = u**2 + 3*u - 3. Let n(b) = -17*b - 46. Let o be n(-2). Let v be (30/o)/(1/2). What is m(v)?
7
Let j(v) = -3*v**2 + 44*v - 40. Let x be j(22). Let m = x + 531. Let s(u) = u**3 - 7*u**2 - 3*u + 8. Calculate s(m).
-13
Suppose -19*w = -22*w - 57. Let h = w + -14. Let o = h + 28. Let y(i) = -i**3 - 6*i**2 - 7*i + 2. Give y(o).
12
Let y(c) = -c**2 + 12*c - 2 + 7 - 12*c. Let v = 7873 + -7876. What is y(v)?
-4
Let i(d) = -51*d + 147. Let n be i(3). Let w be 8 + -15 + -1 - n. Let r(o) = -8*o**2 - 3*o - 3. Calculate r(w).
-29
Suppose -5*p + 4*c - 10 = 0, 7*p = 2*p - 3*c - 10. Let o be (-8 - -14) + p/2. Let q(w) = 37*w**2 - 36*w**2 - o*w - 6*w + 4 + 4*w. What is q(5)?
-6
Let g(z) = -11*z**2 - 3*z + 9. Let y = -181 - -174. Let b(m) = -13*m**2 - 2*m + 10. Let o(t) = y*g(t) + 6*b(t). Give o(6).
15
Let c(j) = 3 + 0 + 1 + 3*j. Suppose 161 - 1369 = 302*s. Calculate c(s).
-8
Let j(w) = 37*w - 35. Let k(g) = -127*g + 107. Let t(a) = -7*j(a) - 2*k(a). Determine t(8).
-9
Let a(h) be the second derivative of 10*h + 0 + 0*h**2 - 1/3*h**3. Let x be 2/(0 - 2/3). Calculate a(x).
6
Let a = -742 - -750. Let d(j) = -j**2 + 6*j + 7. Give d(a).
-9
Suppose v - 5*v + 17 = 3*q, 0 = q + v - 6. Let l(x) = -2*x**3 - 5*x - 1 + 2 + q*x - 3*x + x**2. What is l(1)?
-1
Let k(t) be the third derivative of -t**5/60 + t**4/6 + 187*t**3/6 - 1887*t**2. Determine k(-12).
-5
Suppose 5*a + 8*t + 6 = 4*t, -2*a - 2*t = 4. Let x be (-91)/21 - a/3. Let c(k) = 7*k**2 + 7*k**2 + k**2 - 4*k - 16*k**2 + 4. Calculate c(x).
-1
Let t(y) = y**2 - 12*y + 20. Let b(c) = -c**2 + 4*c - 6. Let l(d) = -7*b(d) - 2*t(d). Let w(a) = 3*a**2 - 2*a + 1. Let g(h) = -3*l(h) + 7*w(h). Give g(1).
5
Suppose -5*m + 8*m = 2*k - 33, -71 = 5*m + 2*k. Let x(w) = -w**3 - 10*w**2 + 41*w + 14. Give x(m).
-12
Let d(p) = -p**3 - p + 28. Let x(o) be the second derivative of o**5/20 + o**4/6 - 2*o**3/3 + 8*o**2 - 7*o - 7. Let a be x(-4). Determine d(a).
28
Let w(d) = d**2 - 10*d - 6. Let s = 126 + -108. Suppose -6 = 2*p - 3*n - 7, -p - 2*n = -s. Calculate w(p).
-22
Suppose -38*t + 33*t + 14*t = 54. Let i(d) = -2*d**2 + 12*d + 1. What is i(t)?
1
Let f be (3/(-5))/(1/(-5))*8/(-24). Let w(m) = -2 + 1 + 4*m + 11*m. Determine w(f).
-16
Let f(m) be the third derivative of -m**6/120 + m**5/12 - m**4/8 + m**3/6 + 466*m**2 - 6*m. Let q be (-1 + 0)/((-1)/2). Give f(q).
7
Let j(l) = -2*l**2 + 13 + 21 + 4*l**3 - 36. Let n(g) = 3*g + 68. Let y be n(-22). Calculate j(y).
22
Let x = 42 + -40. Suppose x = -5*t + 12. Let s(b) = -2 - b**t + b - 8*b - b - 7. Give s(-6).
3
Suppose -2*h + 0*b + 58 = 4*b, -3*b = -9. Let k(v) = 15 - v - h - 5*v + 5*v. Give k(0).
-8
Let f(y) = -2*y - 1. Let m be f(4). Let k(s) = 22*s - 167. Let c(u) = -25*u + 186. Let g(t) = -8*c(t) - 9*k(t). What is g(m)?
-3
Suppose 4*z = -3*w + 90, 14*z - 13*z - 167 = -5*w. Let r(u) = -12*u + w*u**2 - 62*u**2 - 12 + 0 + 27*u**2. Calculate r(-11).
-1
Let y(d) = 16*d**2 - 5 - 20*d**2 - 2*d + 7*d**2. Determine y(5).
60
Let k(m) = -m**3 - 23*m**2 + 30*m + 144. Let s be k(-24). Let i(j) = j**2 + j. Let a be i(1). Let t(p) = -1 + a - p + 0. Calculate t(s).
1
Suppose 4*d = 56 - 20. Let f(w) be the second derivative of w**4/12 - 3*w**3/2 - 5*w**2/2 + 212*w - 6. What is f(d)?
-5
Let c(j) = 28 + 171*j - j**2 - 78*j - 72*j + 38. Give c(23).
20
Let g be ((-320)/240)/(4/(-15)). Suppose -m - g*q = -4*q - 6, 0 = -2*m - 3*q + 10. Let f(u) = u**2 - 8*u + 12. What is f(m)?
12
Let u(b) = -b**3 - 26*b**2 - 134*b - 19. Let k be u(-19). Let n(q) = 11 + 0 - 6*q + 4*q + 3*q. Give n(k).
11
Let r = 36 - 36. Suppose w = -4*z + 22, r*w - 5*w = 4*z - 62. Let h(u) = 2*u - 7. Calculate h(w).
13
Let m(v) = 3*v - 15. Let t(n) = n - 5. Let b(j) = -6*m(j) + 17*t(j). Let p = -19187 - -19187. Determine b(p).
5
Let v(g) = g**2 + 10*g + 17. Suppose -29*n - 325 + 18 = -46. What is v(n)?
8
Suppose -29 = -3*n - 5*q, -n - 2*q + 0 = -10. Let h(u) = 38*u**2 - 18*u - 26. Let b(c) = -11*c**2 + 6*c + 9. Let i(p) = -7*b(p) - 2*h(p). Give i(n).
5
Suppose 3*s - 3*v + 31 = 7, 5*v - 8 = -3*s. Let j(c) = 5*c + 6. Give j(s).
-14
Let a(l) = 6*l - 5. Let b(d) = 7*d - 7. Let u(z) = -5*a(z) + 4*b(z). Suppose 1853 - 1835 = -6*f. Determine u(f).
3
Let p be (42/15)/(168/(-30) - -6). Let d(i) = -p*i + 6*i - 80 + 82 + 3*i. What is d(2)?
6
Suppose 0 = 3*t - 0*t - 3. Let l be (t + 1 - 2) + 1. Let u(w) = 15*w**2 + 6*w + 2. Let i(n) = -22*n**2 - 10*n - 3. Let q(g) = 5*i(g) + 8*u(g). Determine q(l).
9
Let a(c) = -2*c**2 - 2*c - 1. Let z be (-33)/(-22)*2478/9. Let g = z + -414. What is a(g)?
-1
Let d(w) = 10*w + 254. Let r(x) = 3*x + 97. Let z(q) = -3*d(q) + 8*r(q). Determine z(-9).
68
Let s(o) = -105 + 38 + 14*o**2 + 21 - 4*o + 48. Give s(1).
12
Let k(c) = -3*c**2 + 0*c**2 + 9*c**2 + c - 5*c**2 - c**3 + 4. Let b(r) = r**3 - 2*r**2 + 1. Let z be b(2). Let x be 1 - (-4 - -5)/z. Calculate k(x).
4
Let v(i) = -i**3 + 6*i**2 + i - 1. Suppose 0 = -z + 44 - 38. Let t be v(z). Let b(g) = -t - 10*g + 0 + 9*g. Give b(6).
-11
Let r = -77 - -139. Let o = r - 61. Let t(p) = -24*p**2 - 2*p + 1. Calculate t(o).
-25
Let d(q) = -q + 13. Let v(n) = -n - 13. Let i be -9 + -2*3/6. Let x be v(i). Let j be ((0 - 0)/(-2))/(3/x). Calculate d(j).
13
Let m(u) = -u - 24. Let c = 5073 - 5067. Calculate m(c).
-30
Let x(d) be the second derivative of d**3/6 - 3*d**2/2 + 9*d - 233. Let c = 3 + -6. Calculate x(c).
-6
Let b(y) = 16*y**2 + 56*y - 26. Let w(s) = 5*s**2 + 19*s - 8. Let i(p) = 6*b(p) - 19*w(p). Calculate i(25).
-4
Suppose 5*k = 3 - 18. Let p(f) = -f**2 + 8*f + 14. Let q(u) = 2*u**2 - 15*u - 26. Let w(d) = k*q(d) - 5*p(d). Determine w(6).
2
Let i(d) = -d**3 + 13*d**2 - 13*d + 27. Let c be (9/4)/((-6)/(-10) + (-4059)/9840). What is i(c)?
15
Let o be 30/(-4)*(-9 + 3). Suppose -42*c + o*c = 93. Let d(k) = -c*k + 12*k + 1 + 0 + 18*k. Give d(2).
-1
Let i be (-16)/(-8) + (-1 - 2 - -1251). Let g(a) = i*a + 3 - 5 - 1251*a. Determine g(-8).
6
Let y(g) = 7*g**2 - 20*g + 29. Let x(i) = 20*i**2 - 59*i + 79. Let o(h) = -6*x(h) + 17*y(h). Determine o(14).
19
Let v(f) = 2*f - 5. Suppose 0 = -4*r + 125 - 5. Let t be r/4*13/((-78)/(-4)). Calculate v(t).
5
Let v(w) = w**3 + 9*w**2 + 5. Let b(f) = -7*f**2 + f - 3. Let c(j) = -2*j**3 - 3*j**2 - 3. Let m be c(-2). Let o be b(m). Determine v(o).
5
Let p(x) = -x**3 + 10*x**2 - 2*x + 10. Let w(k) = 4*k - 66. Suppose 14*d - 307 = -41. Let j be w(d). Calculate p(j).
-10
Let r(f) = f**2 - 9*f - 4. Let j be r(-6). Let i(b) = -b**3 + 71*b**2 - 81*b + 856. Let p be i(70). Let c = j - p. Let k(x) = -x**2 + x - 8. Give k(c).
-8
Let d(c) = -13*c**2 + 114*c - 179. Let u be d(2). Let a = -7 - 2. Let m(t) = -t - 8. Let y(v) = 2*v + 17. Let g(o) = a*m(o) - 4*y(o). Calculate g(u).
1
Let i(w) be the second derivative of w**5/20 - 25*w**4/6 - 107*w**3/6 + 157*w**2/2 + 32*w + 19. Calculate i(52).
1
Let t(l) = 120*l + 1206. Let z be t(-10). Let w(v) = v + 5. Calculate w(z